What is the remainder when 270056 is divided by 270028?
28
Calculate the remainder when 356326 is divided by 25451.
12
Calculate the remainder when 2574319 is divided by 516.
511
What is the remainder when 11097 is divided by 1809?
243
Calculate the remainder when 19373618 is divided by 717541.
11
Calculate the remainder when 25681 is divided by 25179.
502
Calculate the remainder when 43770 is divided by 2899.
285
Calculate the remainder when 1877229 is divided by 4180.
409
What is the remainder when 3718174 is divided by 1056?
1054
What is the remainder when 35243 is divided by 17418?
407
What is the remainder when 13848 is divided by 6483?
882
What is the remainder when 8343530 is divided by 244?
194
What is the remainder when 1612096 is divided by 196?
192
Calculate the remainder when 13381 is divided by 3868.
1777
Calculate the remainder when 618492 is divided by 691.
47
What is the remainder when 13892269 is divided by 1937?
105
What is the remainder when 30812273 is divided by 208191?
5
What is the remainder when 9507 is divided by 364?
43
Calculate the remainder when 3679912 is divided by 456.
448
Calculate the remainder when 373499 is divided by 124491.
26
Calculate the remainder when 406977868 is divided by 23.
21
What is the remainder when 21204665 is divided by 567?
566
What is the remainder when 6264356 is divided by 250574?
6
Calculate the remainder when 19993 is divided by 2119.
922
Calculate the remainder when 24201072 is divided by 4033509.
18
Calculate the remainder when 4595671 is divided by 574456.
23
Calculate the remainder when 565822 is divided by 160.
62
Calculate the remainder when 13977 is divided by 6906.
165
Calculate the remainder when 594312 is divided by 1228.
1188
Calculate the remainder when 36557819 is divided by 47.
44
What is the remainder when 13852516 is divided by 23360?
36
What is the remainder when 1132579 is divided by 35392?
35
What is the remainder when 74849 is divided by 3402?
5
What is the remainder when 629520 is divided by 629452?
68
Calculate the remainder when 546197397 is divided by 1675.
1672
Calculate the remainder when 326386 is divided by 81529.
270
Calculate the remainder when 434286 is divided by 396.
270
Calculate the remainder when 13041948 is divided by 2173636.
132
Calculate the remainder when 92701735 is divided by 709.
694
What is the remainder when 6088391 is divided by 284?
283
Calculate the remainder when 13931280 is divided by 7559.
43
Calculate the remainder when 215158488 is divided by 90.
78
What is the remainder when 70564618 is divided by 5512?
5506
Calculate the remainder when 2308820 is divided by 762.
722
Calculate the remainder when 2478122 is divided by 98.
94
What is the remainder when 1804560 is divided by 11506?
9624
Calculate the remainder when 4969829 is divided by 30.
29
Calculate the remainder when 113592953 is divided by 7.
5
Calculate the remainder when 181638909 is divided by 13.
10
What is the remainder when 596309 is divided by 3106?
3063
Calculate the remainder when 13137788 is divided by 16.
12
What is the remainder when 59394 is divided by 19761?
111
Calculate the remainder when 96923500 is divided by 12780.
12760
Calculate the remainder when 575663 is divided by 143869.
187
Calculate the remainder when 424102555 is divided by 8.
3
Calculate the remainder when 232032 is divided by 231973.
59
What is the remainder when 1164915 is divided by 166410?
45
What is the remainder when 30200 is divided by 14343?
1514
Calculate the remainder when 288152 is divided by 6399.
197
What is the remainder when 2373219 is divided by 254?
97
Calculate the remainder when 11142875 is divided by 17249.
21
What is the remainder when 4074245 is divided by 31830?
5
Calculate the remainder when 592434 is divided by 106.
0
Calculate the remainder when 2383686 is divided by 76893.
3
What is the remainder when 4045851 is divided by 97?
78
What is the remainder when 34885 is divided by 33663?
1222
What is the remainder when 67975 is divided by 33880?
215
Calculate the remainder when 13442 is divided by 873.
347
What is the remainder when 8171183 is divided by 8?
7
What is the remainder when 3894656 is divided by 324554?
8
Calculate the remainder when 4182416 is divided by 139.
45
What is the remainder when 151196 is divided by 75593?
10
What is the remainder when 177181 is divided by 13629?
4
What is the remainder when 148850349 is divided by 379?
373
What is the remainder when 22992 is divided by 2249?
502
Calculate the remainder when 8331301 is divided by 4731.
10
What is the remainder when 20807 is divided by 289?
288
What is the remainder when 2530265 is divided by 194635?
10
Calculate the remainder when 7333636 is divided by 2171.
2169
What is the remainder when 207116 is divided by 69023?
47
What is the remainder when 39167718 is divided by 33?
18
Calculate the remainder when 104445744 is divided by 1967.
11
What is the remainder when 244711 is divided by 404?
291
Calculate the remainder when 172486918 is divided by 34497380.
18
Calculate the remainder when 56564203 is divided by 542.
541
Calculate the remainder when 7083549 is divided by 116.
9
Calculate the remainder when 576578 is divided by 936.
2
Calculate the remainder when 1706525 is divided by 426630.
5
Calculate the remainder when 1822718 is divided by 1245.
38
Calculate the remainder when 4628591 is divided by 7312.
95
What is the remainder when 5529783 is divided by 95?
23
Calculate the remainder when 9588900 is divided by 951.
918
Calculate the remainder when 96228 is divided by 16022.
96
Calculate the remainder when 318735259 is divided by 13.
11
What is the remainder when 459003 is divided by 56?
27
What is the remainder when 1390361 is divided by 81?
77
Calculate the remainder when 4244427 is divided by 7775.
7052
Calculate the remainder when 313557 is divided by 62531.
902
What is the remainder when 12168063 is divided by 6084030?
3
What is the remainder when 1163081 is divided by 44733?
23
What is the remainder when 4201794 is divided by 123582?
6
Calculate the remainder when 105234 is divided by 411.
18
What is the remainder when 37895736 is divided by 187?
186
What is the remainder when 38755287 is divided by 209?
208
Calculate the remainder when 9935728 is divided by 1202.
1198
Calculate the remainder when 10162477 is divided by 482.
471
Calculate the remainder when 27361 is divided by 2677.
591
What is the remainder when 2939525 is divided by 183?
179
Calculate the remainder when 19283594 is divided by 11.
0
What is the remainder when 88843599 is divided by 20?
19
Calculate the remainder when 357439 is divided by 2571.
70
What is the remainder when 1353971 is divided by 193385?
276
Calculate the remainder when 6099578 is divided by 3948.
3866
Calculate the remainder when 427095 is divided by 1131.
708
Calculate the remainder when 171757 is divided by 17062.
1137
Calculate the remainder when 6419085 is divided by 427.
421
Calculate the remainder when 176468 is divided by 87833.
802
What is the remainder when 1068468 is divided by 356151?
15
What is the remainder when 3152552 is divided by 16858?
106
Calculate the remainder when 680996 is divided by 750.
746
What is the remainder when 19653093 is divided by 1642?
1637
What is the remainder when 2946781 is divided by 43?
34
Calculate the remainder when 1747857 is divided by 13.
7
What is the remainder when 4976162 is divided by 420?
2
Calculate the remainder when 539683 is divided by 9636.
67
Calculate the remainder when 1872274 is divided by 792.
778
What is the remainder when 86613 is divided by 3593?
381
What is the remainder when 6923721 is divided by 3461746?
229
What is the remainder when 26013 is divided by 3342?
2619
What is the remainder when 8519649 is divided by 2839880?
9
Calculate the remainder when 5784472 is divided by 27030.
52
Calculate the remainder when 2430876 is divided by 1790.
56
What is the remainder when 13735275 is divided by 2772?
15
Calculate the remainder when 106865043 is divided by 14.
5
Calculate the remainder when 6343532 is divided by 9.
8
Calculate the remainder when 179046129 is divided by 378.
3
Calculate the remainder when 143347 is divided by 47.
44
Calculate the remainder when 423161 is divided by 141012.
125
Calcu